-1100110101111010110011
Convert 7804 (base 9) to base 12.
33b7
Convert -4056471 (base 8) to base 6.
-34553001
Convert 28a461 (base 14) to base 16.
1588d5
Convert 21012222110010 (base 3) to base 11.
2191424
Convert 241145 (base 7) to base 2.
1010101001111011
Convert 121020102002 (base 3) to base 8.
1160161
What is -1051345 (base 6) in base 7?
-311642
What is 760448 (base 9) in base 10?
453077
-3035e (base 15) to base 12
-743bb
900f8 (base 16) to base 10
590072
What is -3131325 (base 6) in base 16?
-251a5
Convert -5981c7 (base 14) to base 12.
-1035257
What is -83466 (base 9) in base 4?
-31130103
What is -3f132 (base 16) in base 7?
-2124135
Convert 28265 (base 12) to base 5.
3240121
360a60 (base 11) to base 7
4602304
Convert 1661435 (base 7) to base 9.
385222
2029892 (base 10) to base 7
23153024
7a6e84 (base 15) to base 14
ac2367
What is 121130100 (base 4) in base 12?
50380
Convert 13408a8 (base 14) to base 3.
122111101222202
What is 103657 (base 10) in base 2?
11001010011101001
What is -957a99 (base 12) in base 4?
-20333121111
Convert 222021011000 (base 3) to base 8.
1761551
What is -e5531 (base 16) in base 2?
-11100101010100110001
Convert -255ec4 (base 16) to base 10.
-2449092
What is 2688731 (base 9) in base 11?
919011
Convert -148378 (base 9) to base 15.
-1c15e
What is 317335 (base 9) in base 6?
4015222
-101101001001111101000 (base 2) to base 12
-5b4348
Convert 331230324 (base 6) to base 14.
b0a700
Convert 157e80 (base 16) to base 7.
14654552
Convert 6009284 (base 11) to base 8.
50460417
Convert -10142311 (base 5) to base 3.
-11021100010
What is 1121020211110 (base 3) in base 7?
10144032
What is -2471 (base 13) in base 10?
-5162
Convert 1b240 (base 16) to base 6.
2214400
What is 6555340 (base 8) in base 12?
70a600
267047 (base 9) to base 13
59026
-102142023 (base 5) to base 10
-427763
-35530205 (base 6) to base 15
-1709a8
What is 4363230 (base 10) in base 11?
2510183
What is 1867406 (base 10) in base 6?
104005222
What is -20020111003 (base 4) in base 9?
-4007484
Convert -55824 (base 13) to base 12.
-75970
Convert -45254102 (base 6) to base 12.
-564332
Convert 391113 (base 10) to base 7.
3216162
Convert 13213224 (base 5) to base 7.
1060520
What is 10030042 (base 5) in base 2?
10011100010010110
10200100011200 (base 3) to base 16
1dd5e8
11251253 (base 6) to base 11
219193
What is -23220004 (base 5) in base 9?
-350832
Convert 100002210112201 (base 3) to base 10.
4838041
What is -1010111100111110 (base 2) in base 15?
-d45c
1336351 (base 7) to base 2
101011010101101010
What is 103331022203 (base 4) in base 12?
190342b
Convert -300341201 (base 5) to base 4.
-10201002312
-71b48c (base 14) to base 3
-21012210122020
What is -12a78c (base 13) in base 9?
-757531
Convert 627711 (base 15) to base 11.
2709215
Convert -169585 (base 10) to base 3.
-22121121221
-44201021 (base 6) to base 2
-101000010110010100101
113034603 (base 7) to base 10
6950163
776227 (base 8) to base 13
91bca
Convert -130102133 (base 4) to base 9.
-185845
Convert 2371104 (base 9) to base 10.
1286770
-129789 (base 12) to base 4
-1022330121
-228524 (base 12) to base 7
-4464211
What is 10245136 (base 9) in base 12?
1799766
102110023010 (base 4) to base 10
4801220
What is 306492 (base 10) in base 11?
19a2aa
Convert -84256 (base 11) to base 4.
-131332003
What is 340596 (base 14) in base 10?
1768248
-8415 (base 10) to base 14
-30d1
-6a184b (base 14) to base 15
-4b63c3
Convert -111110101111010000101 (base 2) to base 12.
-831859
Convert -14340 (base 11) to base 14.
-75d2
What is -6b440 (base 13) in base 12?
-956b1
What is 258939 (base 10) in base 11?
1675aa
What is -1396b2 (base 12) in base 16?
-4ffa6
-2324131011 (base 5) to base 8
-24163366
-30c622 (base 14) to base 6
-55151450
2cad68 (base 15) to base 10
2163023
-10010100000010111001 (base 2) to base 7
-5103624
Convert -10211221201112 (base 3) to base 14.
-3b3941
What is 2354546 (base 7) in base 15?
5da85
Convert -121044230 (base 5) to base 16.
-8a13d
What is 38a45 (base 15) in base 11?
114149
Convert -42014 (base 12) to base 2.
-10101000110010000
173361 (base 8) to base 12
30701
Convert 7d62a (base 14) to base 12.
128b72
Convert b9960a (base 15) to base 2.
100001101110010100100101
What is -140140204 (base 5) in base 13?
-1ba815
Convert 2201220102022 (base 3) to base 15.
1db025
What is -1202110112212 (base 3) in base 2?
-11100100000101101010
-1353544 (base 9) to base 8
-2655131
Convert -9bbd13 (base 15) to base 2.
-11100010110010010010110
What is -926758 (base 11) in base 4?
-11223030111
What is 1053738 (base 9) in base 2?
10001010011011111011
23602 (base 15) to base 8
334127
Convert -669a11 (base 11) to base 3.
-2000020010121
-122111000112 (base 3) to base 15
-6be52
Convert -923583 (base 11) to base 3.
-2210100212212
What is 6ac753 (base 14) in base 2?
1101111010000000100101
Convert 1310311233 (base 4) to base 8.
1646557
Convert -11100111100011000001 (base 2) to base 10.
-948417
24131400 (base 5) to base 2
110110101011100111
-101210003 (base 4) to base 5
-4300224
Convert 18a5e3 (base 15) to base 2.
100100100110101100111
What is 731c07 (base 15) in base 16?
53852e
What is -3e983 (base 15) in base 16?
-31239
What is 19f793 (base 16) in base 4?
12133132103
Convert 26b4cb (base 14) to base 4.
11012133023
Convert -2235102 (base 6) to base 10.
-113870
Convert 20122201210 (base 3) to base 2.
11111111111010001
-1330038 (base 9) to base 15
-e5bdb
3047766 (base 9) to base 2
110001101000010111001
Convert -11033323032 (base 4) to base 11.
-85a854
Convert -209b0 (base 15) to base 12.
-4ba40
Convert 1031311300 (base 4) to base 11.
1a85a8
Convert 2102221 (base 5) to base 14.
c8d8
What is e7129 (base 15) in base 16?
b2ddf
-20560201 (base 8) to base 11
-2523999
Convert -14302421 (base 6) to base 8.
-1675755
Convert -22201013220 (base 4) to base 13.
-756c24
What is 86a (base 13) in base 2?
10110100000
153248 (base 15) to base 16
f9ca7
Convert -13345504 (base 6) to base 3.
-211211211211
-446c38 (base 16) to base 14
-84a248
105513 (base 9) to base 13
22959
Convert 20ab6c9 (base 13) to base 15.
d1c6ee
-2657675 (base 8) to base 9
-1355447
100000000000101000110111 (base 2) to base 9
16708531
Convert -367dfa (base 16) to base 2.
-1101100111110111111010
What is -b08e (base 15) in base 13?
-13c61
What is -15522566 (base 7) in base 6?
-52103512
-14442 (base 9) to base 13
-462b
Convert -1526560 (base 7) to base 16.
-32fbf
Convert -1028a8 (base 15) to base 2.
-10111011100001010011
Convert -337c2 (base 13) to base 3.
-11202102020
What is -332411242 (base 5) in base 15?
-1d9d17
7226b (base 16) to base 13
134a85
-82237 (base 9) to base 14
-15a34
What is -11331141131 (base 5) in base 8?
-62114460
Convert -2100001121100 (base 3) to base 7.
-13356441
What is -12331332132 (base 4) in base 11?
-1038493
What is 1977347 (base 10) in base 14?
396871
Convert 120122113 (base 5) to base 8.
2065155
485a19 (base 16) to base 9
8826287
Convert -15bd1c (base 15) to base 13.
-2ab136
What is 778161 (base 9) in base 2?
1110001100101010110
-11020102210121 (base 3) to base 8
-10457260
Convert -235313 (base 6) to base 2.
-101000010011101
11513003 (base 6) to base 16
59b3b
20433 (base 14) to base 11
53391
-a5925 (base 11) to base 7
-1211336
What is -2755556 (base 8) in base 5?
-144331240
-1045359 (base 13) to base 11
-2882a81
275638 (base 11) to base 13
121838
What is -837b86 (base 14) in base 8?
-20736432
Convert 1013c3 (base 13) to base 15.
75cdb
What is -2725271 (base 8) in base 3?
-1102211211120
Convert -2348139 (base 10) to base 13.
-642a41
What is 7a93d (base 14) in base 7?
2351206
-1211527 (base 9) to base 15
-ceb24
Convert -201110210211 (base 3) to base 16.
-5d952
27745 (base 10) to base 9
42047
-60919c (base 15) to base 7
-53663112
-1692d (base 14) to base 8
-156555
Convert 55035 (base 15) to base 16.
41ee2
Convert 37c1dc (base 15) to base 16.
28cb18
Convert -c26b8 (base 13) to base 5.
-42121131
Convert 2140b8a (base 14) to base 15.
15b2793
Convert -1114344340 (base 5) to base 14.
-48dd01
What is -22030552 (base 6) in base 3?
-1020101121212
What is -1033020412 (base 5) in base 3?
-11012120211220
-8330b (base 12) to base 3
-22201021102
-4440442 (base 5) to base 7
-442206
What is 2434203 (base 5) in base 6?
553442
What is 867367 (base 9) in base 12?
20b351
Convert 123849 (base 11) to 